{"id":1306,"date":"2019-01-23T06:31:31","date_gmt":"2019-01-23T06:31:31","guid":{"rendered":"http:\/\/lebenswertes-murgtal.de\/ttg\/?page_id=1306"},"modified":"2026-04-27T11:43:27","modified_gmt":"2026-04-27T09:43:27","slug":"about-us","status":"publish","type":"page","link":"http:\/\/www.teamtraining-gaggenau.de\/?page_id=1306","title":{"rendered":"Niedrigseilparcours"},"content":{"rendered":"\t\t<div data-elementor-type=\"wp-post\" data-elementor-id=\"1306\" class=\"elementor elementor-1306\">\n\t\t\t\t\t\t<section class=\"elementor-section elementor-top-section elementor-element elementor-element-9e39aaf elementor-section-height-min-height elementor-section-content-middle elementor-section-boxed elementor-section-height-default elementor-section-items-middle\" data-id=\"9e39aaf\" data-element_type=\"section\" data-e-type=\"section\" data-settings=\"{&quot;background_background&quot;:&quot;classic&quot;}\">\n\t\t\t\t\t\t\t<div class=\"elementor-background-overlay\"><\/div>\n\t\t\t\t\t\t\t<div class=\"elementor-container elementor-column-gap-no\">\n\t\t\t\t\t<div class=\"elementor-column elementor-col-66 elementor-top-column elementor-element elementor-element-43eec9d\" data-id=\"43eec9d\" data-element_type=\"column\" data-e-type=\"column\">\n\t\t\t<div class=\"elementor-widget-wrap elementor-element-populated\">\n\t\t\t\t\t\t<div class=\"elementor-element elementor-element-c420103 elementor-widget elementor-widget-spacer\" data-id=\"c420103\" data-element_type=\"widget\" data-e-type=\"widget\" data-widget_type=\"spacer.default\">\n\t\t\t\t<div class=\"elementor-widget-container\">\n\t\t\t\t\t\t\t<div class=\"elementor-spacer\">\n\t\t\t<div class=\"elementor-spacer-inner\"><\/div>\n\t\t<\/div>\n\t\t\t\t\t\t<\/div>\n\t\t\t\t<\/div>\n\t\t\t\t<div class=\"elementor-element elementor-element-bf105c7 elementor-widget elementor-widget-spacer\" data-id=\"bf105c7\" data-element_type=\"widget\" data-e-type=\"widget\" data-widget_type=\"spacer.default\">\n\t\t\t\t<div class=\"elementor-widget-container\">\n\t\t\t\t\t\t\t<div class=\"elementor-spacer\">\n\t\t\t<div class=\"elementor-spacer-inner\"><\/div>\n\t\t<\/div>\n\t\t\t\t\t\t<\/div>\n\t\t\t\t<\/div>\n\t\t\t\t\t<\/div>\n\t\t<\/div>\n\t\t\t\t<div class=\"elementor-column elementor-col-33 elementor-top-column elementor-element elementor-element-240d5cb\" data-id=\"240d5cb\" data-element_type=\"column\" data-e-type=\"column\">\n\t\t\t<div class=\"elementor-widget-wrap\">\n\t\t\t\t\t\t\t<\/div>\n\t\t<\/div>\n\t\t\t\t\t<\/div>\n\t\t<\/section>\n\t\t\t\t<section class=\"elementor-section elementor-top-section elementor-element elementor-element-4a5d220 elementor-section-boxed elementor-section-height-default elementor-section-height-default\" data-id=\"4a5d220\" data-element_type=\"section\" data-e-type=\"section\">\n\t\t\t\t\t\t<div class=\"elementor-container elementor-column-gap-no\">\n\t\t\t\t\t<div class=\"elementor-column elementor-col-33 elementor-top-column elementor-element elementor-element-737ec4c\" data-id=\"737ec4c\" data-element_type=\"column\" data-e-type=\"column\">\n\t\t\t<div class=\"elementor-widget-wrap elementor-element-populated\">\n\t\t\t\t\t\t<div class=\"elementor-element elementor-element-efb0e9a elementor-widget elementor-widget-heading\" data-id=\"efb0e9a\" data-element_type=\"widget\" data-e-type=\"widget\" data-widget_type=\"heading.default\">\n\t\t\t\t<div class=\"elementor-widget-container\">\n\t\t\t\t\t<h3 class=\"elementor-heading-title elementor-size-default\">Der Niedrigseilparcours<\/h3>\t\t\t\t<\/div>\n\t\t\t\t<\/div>\n\t\t\t\t<div class=\"elementor-element elementor-element-dfc8748 elementor-widget elementor-widget-image\" data-id=\"dfc8748\" data-element_type=\"widget\" data-e-type=\"widget\" data-widget_type=\"image.default\">\n\t\t\t\t<div class=\"elementor-widget-container\">\n\t\t\t\t\t\t\t\t\t\t\t\t\t\t\t<img fetchpriority=\"high\" decoding=\"async\" width=\"540\" height=\"448\" src=\"http:\/\/www.teamtraining-gaggenau.de\/wp-content\/uploads\/2022\/05\/Parcour.jpeg\" class=\"attachment-large size-large wp-image-2578\" alt=\"\" srcset=\"http:\/\/www.teamtraining-gaggenau.de\/wp-content\/uploads\/2022\/05\/Parcour.jpeg 540w, http:\/\/www.teamtraining-gaggenau.de\/wp-content\/uploads\/2022\/05\/Parcour-300x249.jpeg 300w\" sizes=\"(max-width: 540px) 100vw, 540px\" \/>\t\t\t\t\t\t\t\t\t\t\t\t\t\t\t<\/div>\n\t\t\t\t<\/div>\n\t\t\t\t\t<\/div>\n\t\t<\/div>\n\t\t\t\t<div class=\"elementor-column elementor-col-66 elementor-top-column elementor-element elementor-element-e6bc9af\" data-id=\"e6bc9af\" data-element_type=\"column\" data-e-type=\"column\">\n\t\t\t<div class=\"elementor-widget-wrap elementor-element-populated\">\n\t\t\t\t\t\t<div class=\"elementor-element elementor-element-8bf9f70 elementor-widget elementor-widget-text-editor\" data-id=\"8bf9f70\" data-element_type=\"widget\" data-e-type=\"widget\" data-widget_type=\"text-editor.default\">\n\t\t\t\t<div class=\"elementor-widget-container\">\n\t\t\t\t\t\t\t\t\t<p><span style=\"font-style: inherit; font-weight: inherit; background-color: var(--ast-global-color-4); color: var(--ast-global-color-3);\">Unser Parcours ist ein handlungsorientiertes Lern- und Spielfeld ab der 5. Klasse.<\/span><\/p>\n<p>Wir f\u00f6rdern mit \u00dcbungen und Aufgaben rund um den Parcours Kommunikation, sowie Team- und Konfliktf\u00e4higkeit. Gegenseitige Hilfe, Unterst\u00fctzung und R\u00fccksichtnahme werden durch unsere Trainer immer wieder thematisiert und st\u00e4rken so den Zusammenhalt der Gruppe.<\/p>\n<p>Firmen, Vereinen, Schulen und sonstigen Gruppen bieten wir in einem Zeitrahmen von 3 bis 5 Stunden ein erlebnisreiches Training nach Ihren W\u00fcnschen an.<\/p>\n<p>Selbstverst\u00e4ndlich sind wir in der Lage, individuelle und speziell f\u00fcr Ihre Gruppe ausgerichtete Angebote durchzuf\u00fchren. Bitte kontaktieren Sie dazu Frau Geiges aus unserer Gesch\u00e4ftsstelle.<\/p>\n<p>Unsere Trainer arbeiten seit vielen Jahren erfolgreich in unterschiedlichen p\u00e4dagogischen Bereichen. Sie wurden fachlich ausgebildet und nach europ\u00e4ischen Standards (ERCA) zertifiziert.<\/p>\n<p>Weitere Hinweise<\/p>\n<p>Den Beginn des Trainings legen Sie individuell fest.<\/p>\n<p>Falls Sie mit der S-Bahn anreisen, sollten sie den knapp 10-min\u00fctigen Fu\u00dfweg von der S-Bahn-Haltestelle Bad Rotenfels\/Weinbrennerstra\u00dfe ins Schulzentrum in Ihrer zeitlichen Gesamtplanung ber\u00fccksichtigen.<\/p>\n<p>Nach Ende der Veranstaltung geht ihnen auf dem Postweg die Rechnung zu.<\/p>\n<p>Anfahrt zum Niedrigseilparcours<\/p>\n<p>Unser Anlage befindet sich im Schulzentrum \u00abDachgrub\u00bb in Gaggenau-Bad Rotenfels (verl\u00e4ngerte M\u00fchlstra\u00dfe) und ist zu Fu\u00df von der S-Bahnhaltestelle \u00abBad Rotenfels-Weinbrennerstra\u00dfe\u00bb in ca. 10 Minuten zu erreichen.<\/p>\t\t\t\t\t\t\t\t<\/div>\n\t\t\t\t<\/div>\n\t\t\t\t\t<\/div>\n\t\t<\/div>\n\t\t\t\t\t<\/div>\n\t\t<\/section>\n\t\t\t\t<section class=\"elementor-section elementor-top-section elementor-element elementor-element-d81c363 elementor-section-boxed elementor-section-height-default elementor-section-height-default\" data-id=\"d81c363\" data-element_type=\"section\" data-e-type=\"section\">\n\t\t\t\t\t\t<div class=\"elementor-container elementor-column-gap-default\">\n\t\t\t\t\t<div class=\"elementor-column elementor-col-33 elementor-top-column elementor-element elementor-element-ff1ff85\" data-id=\"ff1ff85\" data-element_type=\"column\" data-e-type=\"column\">\n\t\t\t<div class=\"elementor-widget-wrap elementor-element-populated\">\n\t\t\t\t\t\t<div class=\"elementor-element elementor-element-17df7e9 elementor-widget elementor-widget-image\" data-id=\"17df7e9\" data-element_type=\"widget\" data-e-type=\"widget\" data-widget_type=\"image.default\">\n\t\t\t\t<div class=\"elementor-widget-container\">\n\t\t\t\t\t\t\t\t\t\t\t\t\t\t\t<img decoding=\"async\" width=\"640\" height=\"480\" src=\"http:\/\/www.teamtraining-gaggenau.de\/wp-content\/uploads\/2022\/05\/bild11a.jpeg\" class=\"attachment-large size-large wp-image-2678\" alt=\"\" srcset=\"http:\/\/www.teamtraining-gaggenau.de\/wp-content\/uploads\/2022\/05\/bild11a.jpeg 640w, http:\/\/www.teamtraining-gaggenau.de\/wp-content\/uploads\/2022\/05\/bild11a-300x225.jpeg 300w\" sizes=\"(max-width: 640px) 100vw, 640px\" \/>\t\t\t\t\t\t\t\t\t\t\t\t\t\t\t<\/div>\n\t\t\t\t<\/div>\n\t\t\t\t\t<\/div>\n\t\t<\/div>\n\t\t\t\t<div class=\"elementor-column elementor-col-33 elementor-top-column elementor-element elementor-element-74f15ea\" data-id=\"74f15ea\" data-element_type=\"column\" data-e-type=\"column\">\n\t\t\t<div class=\"elementor-widget-wrap elementor-element-populated\">\n\t\t\t\t\t\t<div class=\"elementor-element elementor-element-ee8960c elementor-widget elementor-widget-image\" data-id=\"ee8960c\" data-element_type=\"widget\" data-e-type=\"widget\" data-widget_type=\"image.default\">\n\t\t\t\t<div class=\"elementor-widget-container\">\n\t\t\t\t\t\t\t\t\t\t\t\t\t\t\t<img decoding=\"async\" width=\"640\" height=\"480\" src=\"http:\/\/www.teamtraining-gaggenau.de\/wp-content\/uploads\/2022\/05\/bild7.jpeg\" class=\"attachment-large size-large wp-image-2679\" alt=\"\" srcset=\"http:\/\/www.teamtraining-gaggenau.de\/wp-content\/uploads\/2022\/05\/bild7.jpeg 640w, http:\/\/www.teamtraining-gaggenau.de\/wp-content\/uploads\/2022\/05\/bild7-300x225.jpeg 300w\" sizes=\"(max-width: 640px) 100vw, 640px\" \/>\t\t\t\t\t\t\t\t\t\t\t\t\t\t\t<\/div>\n\t\t\t\t<\/div>\n\t\t\t\t\t<\/div>\n\t\t<\/div>\n\t\t\t\t<div class=\"elementor-column elementor-col-33 elementor-top-column elementor-element elementor-element-9f4ab22\" data-id=\"9f4ab22\" data-element_type=\"column\" data-e-type=\"column\">\n\t\t\t<div class=\"elementor-widget-wrap elementor-element-populated\">\n\t\t\t\t\t\t<div class=\"elementor-element elementor-element-feff47a elementor-widget elementor-widget-image\" data-id=\"feff47a\" data-element_type=\"widget\" data-e-type=\"widget\" data-widget_type=\"image.default\">\n\t\t\t\t<div class=\"elementor-widget-container\">\n\t\t\t\t\t\t\t\t\t\t\t\t\t\t\t<img loading=\"lazy\" decoding=\"async\" width=\"640\" height=\"480\" src=\"http:\/\/www.teamtraining-gaggenau.de\/wp-content\/uploads\/2022\/05\/bild9.jpeg\" class=\"attachment-large size-large wp-image-2680\" alt=\"\" srcset=\"http:\/\/www.teamtraining-gaggenau.de\/wp-content\/uploads\/2022\/05\/bild9.jpeg 640w, http:\/\/www.teamtraining-gaggenau.de\/wp-content\/uploads\/2022\/05\/bild9-300x225.jpeg 300w\" sizes=\"(max-width: 640px) 100vw, 640px\" \/>\t\t\t\t\t\t\t\t\t\t\t\t\t\t\t<\/div>\n\t\t\t\t<\/div>\n\t\t\t\t\t<\/div>\n\t\t<\/div>\n\t\t\t\t\t<\/div>\n\t\t<\/section>\n\t\t\t\t<section class=\"elementor-section elementor-top-section elementor-element elementor-element-7adcabf elementor-section-boxed elementor-section-height-default elementor-section-height-default\" data-id=\"7adcabf\" data-element_type=\"section\" data-e-type=\"section\">\n\t\t\t\t\t\t<div class=\"elementor-container elementor-column-gap-default\">\n\t\t\t\t\t<div class=\"elementor-column elementor-col-100 elementor-top-column elementor-element elementor-element-443faa5\" data-id=\"443faa5\" data-element_type=\"column\" data-e-type=\"column\">\n\t\t\t<div class=\"elementor-widget-wrap elementor-element-populated\">\n\t\t\t\t\t\t<div class=\"elementor-element elementor-element-782ddcd elementor-widget elementor-widget-spacer\" data-id=\"782ddcd\" data-element_type=\"widget\" data-e-type=\"widget\" data-widget_type=\"spacer.default\">\n\t\t\t\t<div class=\"elementor-widget-container\">\n\t\t\t\t\t\t\t<div class=\"elementor-spacer\">\n\t\t\t<div class=\"elementor-spacer-inner\"><\/div>\n\t\t<\/div>\n\t\t\t\t\t\t<\/div>\n\t\t\t\t<\/div>\n\t\t\t\t\t<\/div>\n\t\t<\/div>\n\t\t\t\t\t<\/div>\n\t\t<\/section>\n\t\t\t\t<\/div>\n\t\t","protected":false},"excerpt":{"rendered":"<p>Der Niedrigseilparcours Unser Parcours ist ein handlungsorientiertes Lern- und Spielfeld ab der 5. Klasse. Wir f\u00f6rdern mit \u00dcbungen und Aufgaben rund um den Parcours Kommunikation, sowie Team- und Konfliktf\u00e4higkeit. Gegenseitige Hilfe, Unterst\u00fctzung und R\u00fccksichtnahme werden durch unsere Trainer immer wieder thematisiert und st\u00e4rken so den Zusammenhalt der Gruppe. Firmen, Vereinen, Schulen und sonstigen Gruppen bieten [&hellip;]<\/p>\n","protected":false},"author":1,"featured_media":0,"parent":0,"menu_order":0,"comment_status":"closed","ping_status":"closed","template":"","meta":{"site-sidebar-layout":"no-sidebar","site-content-layout":"page-builder","ast-site-content-layout":"full-width-container","site-content-style":"unboxed","site-sidebar-style":"unboxed","ast-global-header-display":"","ast-banner-title-visibility":"","ast-main-header-display":"","ast-hfb-above-header-display":"","ast-hfb-below-header-display":"","ast-hfb-mobile-header-display":"","site-post-title":"disabled","ast-breadcrumbs-content":"","ast-featured-img":"disabled","footer-sml-layout":"","ast-disable-related-posts":"","theme-transparent-header-meta":"enabled","adv-header-id-meta":"","stick-header-meta":"","header-above-stick-meta":"","header-main-stick-meta":"","header-below-stick-meta":"","astra-migrate-meta-layouts":"set","ast-page-background-enabled":"default","ast-page-background-meta":{"desktop":{"background-color":"","background-image":"","background-repeat":"repeat","background-position":"center center","background-size":"auto","background-attachment":"scroll","background-type":"","background-media":"","overlay-type":"","overlay-color":"","overlay-opacity":"","overlay-gradient":""},"tablet":{"background-color":"","background-image":"","background-repeat":"repeat","background-position":"center center","background-size":"auto","background-attachment":"scroll","background-type":"","background-media":"","overlay-type":"","overlay-color":"","overlay-opacity":"","overlay-gradient":""},"mobile":{"background-color":"","background-image":"","background-repeat":"repeat","background-position":"center center","background-size":"auto","background-attachment":"scroll","background-type":"","background-media":"","overlay-type":"","overlay-color":"","overlay-opacity":"","overlay-gradient":""}},"ast-content-background-meta":{"desktop":{"background-color":"var(--ast-global-color-5)","background-image":"","background-repeat":"repeat","background-position":"center center","background-size":"auto","background-attachment":"scroll","background-type":"","background-media":"","overlay-type":"","overlay-color":"","overlay-opacity":"","overlay-gradient":""},"tablet":{"background-color":"var(--ast-global-color-5)","background-image":"","background-repeat":"repeat","background-position":"center center","background-size":"auto","background-attachment":"scroll","background-type":"","background-media":"","overlay-type":"","overlay-color":"","overlay-opacity":"","overlay-gradient":""},"mobile":{"background-color":"var(--ast-global-color-5)","background-image":"","background-repeat":"repeat","background-position":"center center","background-size":"auto","background-attachment":"scroll","background-type":"","background-media":"","overlay-type":"","overlay-color":"","overlay-opacity":"","overlay-gradient":""}},"footnotes":""},"class_list":["post-1306","page","type-page","status-publish","hentry"],"_links":{"self":[{"href":"http:\/\/www.teamtraining-gaggenau.de\/index.php?rest_route=\/wp\/v2\/pages\/1306","targetHints":{"allow":["GET"]}}],"collection":[{"href":"http:\/\/www.teamtraining-gaggenau.de\/index.php?rest_route=\/wp\/v2\/pages"}],"about":[{"href":"http:\/\/www.teamtraining-gaggenau.de\/index.php?rest_route=\/wp\/v2\/types\/page"}],"author":[{"embeddable":true,"href":"http:\/\/www.teamtraining-gaggenau.de\/index.php?rest_route=\/wp\/v2\/users\/1"}],"replies":[{"embeddable":true,"href":"http:\/\/www.teamtraining-gaggenau.de\/index.php?rest_route=%2Fwp%2Fv2%2Fcomments&post=1306"}],"version-history":[{"count":178,"href":"http:\/\/www.teamtraining-gaggenau.de\/index.php?rest_route=\/wp\/v2\/pages\/1306\/revisions"}],"predecessor-version":[{"id":2907,"href":"http:\/\/www.teamtraining-gaggenau.de\/index.php?rest_route=\/wp\/v2\/pages\/1306\/revisions\/2907"}],"wp:attachment":[{"href":"http:\/\/www.teamtraining-gaggenau.de\/index.php?rest_route=%2Fwp%2Fv2%2Fmedia&parent=1306"}],"curies":[{"name":"wp","href":"https:\/\/api.w.org\/{rel}","templated":true}]}}