{"id":1305,"date":"2019-01-23T06:31:06","date_gmt":"2019-01-23T06:31:06","guid":{"rendered":"http:\/\/lebenswertes-murgtal.de\/ttg\/?page_id=1305"},"modified":"2026-04-27T11:40:39","modified_gmt":"2026-04-27T09:40:39","slug":"home","status":"publish","type":"page","link":"http:\/\/www.teamtraining-gaggenau.de\/","title":{"rendered":"Home"},"content":{"rendered":"\t\t<div data-elementor-type=\"wp-post\" data-elementor-id=\"1305\" class=\"elementor elementor-1305\">\n\t\t\t\t\t\t<section class=\"elementor-section elementor-top-section elementor-element elementor-element-e0cc23d elementor-section-height-min-height elementor-section-content-middle elementor-section-boxed elementor-section-height-default elementor-section-items-middle\" data-id=\"e0cc23d\" data-element_type=\"section\" data-e-type=\"section\" data-settings=\"{&quot;background_background&quot;:&quot;classic&quot;}\">\n\t\t\t\t\t\t\t<div class=\"elementor-background-overlay\"><\/div>\n\t\t\t\t\t\t\t<div class=\"elementor-container elementor-column-gap-no\">\n\t\t\t\t\t<div class=\"elementor-column elementor-col-66 elementor-top-column elementor-element elementor-element-2922eeb\" data-id=\"2922eeb\" data-element_type=\"column\" data-e-type=\"column\">\n\t\t\t<div class=\"elementor-widget-wrap elementor-element-populated\">\n\t\t\t\t\t\t<div class=\"elementor-element elementor-element-baf122e elementor-widget elementor-widget-spacer\" data-id=\"baf122e\" data-element_type=\"widget\" data-e-type=\"widget\" data-widget_type=\"spacer.default\">\n\t\t\t\t<div class=\"elementor-widget-container\">\n\t\t\t\t\t\t\t<div class=\"elementor-spacer\">\n\t\t\t<div class=\"elementor-spacer-inner\"><\/div>\n\t\t<\/div>\n\t\t\t\t\t\t<\/div>\n\t\t\t\t<\/div>\n\t\t\t\t<div class=\"elementor-element elementor-element-d4b1268 elementor-widget elementor-widget-spacer\" data-id=\"d4b1268\" data-element_type=\"widget\" data-e-type=\"widget\" data-widget_type=\"spacer.default\">\n\t\t\t\t<div class=\"elementor-widget-container\">\n\t\t\t\t\t\t\t<div class=\"elementor-spacer\">\n\t\t\t<div class=\"elementor-spacer-inner\"><\/div>\n\t\t<\/div>\n\t\t\t\t\t\t<\/div>\n\t\t\t\t<\/div>\n\t\t\t\t\t<\/div>\n\t\t<\/div>\n\t\t\t\t<div class=\"elementor-column elementor-col-33 elementor-top-column elementor-element elementor-element-32cd20b\" data-id=\"32cd20b\" data-element_type=\"column\" data-e-type=\"column\">\n\t\t\t<div class=\"elementor-widget-wrap\">\n\t\t\t\t\t\t\t<\/div>\n\t\t<\/div>\n\t\t\t\t\t<\/div>\n\t\t<\/section>\n\t\t\t\t<section class=\"elementor-section elementor-top-section elementor-element elementor-element-affd82b elementor-section-boxed elementor-section-height-default elementor-section-height-default\" data-id=\"affd82b\" data-element_type=\"section\" data-e-type=\"section\" data-settings=\"{&quot;background_background&quot;:&quot;classic&quot;}\">\n\t\t\t\t\t\t<div class=\"elementor-container elementor-column-gap-no\">\n\t\t\t\t\t<div class=\"elementor-column elementor-col-100 elementor-top-column elementor-element elementor-element-0aa3547\" data-id=\"0aa3547\" data-element_type=\"column\" data-e-type=\"column\">\n\t\t\t<div class=\"elementor-widget-wrap elementor-element-populated\">\n\t\t\t\t\t\t<div class=\"elementor-element elementor-element-9d42827 elementor-widget elementor-widget-heading\" data-id=\"9d42827\" data-element_type=\"widget\" data-e-type=\"widget\" data-widget_type=\"heading.default\">\n\t\t\t\t<div class=\"elementor-widget-container\">\n\t\t\t\t\t<h2 class=\"elementor-heading-title elementor-size-default\">Team-Training Gaggenau<\/h2>\t\t\t\t<\/div>\n\t\t\t\t<\/div>\n\t\t\t\t<div class=\"elementor-element elementor-element-2a742fb elementor-widget elementor-widget-image\" data-id=\"2a742fb\" data-element_type=\"widget\" data-e-type=\"widget\" data-widget_type=\"image.default\">\n\t\t\t\t<div class=\"elementor-widget-container\">\n\t\t\t\t\t\t\t\t\t\t\t\t\t\t\t<img fetchpriority=\"high\" decoding=\"async\" width=\"900\" height=\"215\" src=\"http:\/\/www.teamtraining-gaggenau.de\/wp-content\/uploads\/2022\/02\/Bildschirmfoto-2022-02-10-um-21.03.25.png\" class=\"attachment-large size-large wp-image-1626\" alt=\"\" srcset=\"http:\/\/www.teamtraining-gaggenau.de\/wp-content\/uploads\/2022\/02\/Bildschirmfoto-2022-02-10-um-21.03.25.png 900w, http:\/\/www.teamtraining-gaggenau.de\/wp-content\/uploads\/2022\/02\/Bildschirmfoto-2022-02-10-um-21.03.25-300x72.png 300w, http:\/\/www.teamtraining-gaggenau.de\/wp-content\/uploads\/2022\/02\/Bildschirmfoto-2022-02-10-um-21.03.25-768x183.png 768w, http:\/\/www.teamtraining-gaggenau.de\/wp-content\/uploads\/2022\/02\/Bildschirmfoto-2022-02-10-um-21.03.25-600x143.png 600w\" sizes=\"(max-width: 900px) 100vw, 900px\" \/>\t\t\t\t\t\t\t\t\t\t\t\t\t\t\t<\/div>\n\t\t\t\t<\/div>\n\t\t\t\t<div class=\"elementor-element elementor-element-3ab5bf5 elementor-widget elementor-widget-text-editor\" data-id=\"3ab5bf5\" data-element_type=\"widget\" data-e-type=\"widget\" data-widget_type=\"text-editor.default\">\n\t\t\t\t<div class=\"elementor-widget-container\">\n\t\t\t\t\t\t\t\t\t<p><strong>Herzlich Willkommen auf den Teamtraining-Seiten des Pr\u00e4ventionsvereins<\/strong><br \/><strong>\u00abLebenswertes Murgtal e.V.\u00bb<\/strong><\/p><p>Unser Verein bietet seit mehreren Jahren erfolgreich f\u00fcr alle Altersgruppen entsprechende Teamtrainingsangebote an. Hierzu steht unter anderem ein vereinseigenes Gel\u00e4nde mit einem Niedrigseilparcours zur Verf\u00fcgung.<\/p><p>F\u00fcr die Grundsch\u00fcler haben wir zwei mobile Angebote, mit denen unsere Trainer auch gerne in Ihre Schule kommen.<\/p><p>F\u00f6rdern und st\u00e4rken Sie Ihre Gruppe durch die Teilnahme an unseren Angeboten.<\/p><p>Wir freuen uns, wenn wir von Ihnen h\u00f6ren.<\/p><p>Ihre Teamtrainer<\/p>\t\t\t\t\t\t\t\t<\/div>\n\t\t\t\t<\/div>\n\t\t\t\t<div class=\"elementor-element elementor-element-839a8a4 elementor-mobile-align-center elementor-align-center elementor-widget elementor-widget-button\" data-id=\"839a8a4\" data-element_type=\"widget\" data-e-type=\"widget\" data-widget_type=\"button.default\">\n\t\t\t\t<div class=\"elementor-widget-container\">\n\t\t\t\t\t\t\t\t\t<div class=\"elementor-button-wrapper\">\n\t\t\t\t\t<a class=\"elementor-button elementor-button-link elementor-size-md\" href=\"http:\/\/www.teamtraining-gaggenau.de\/\/?page_id=2539\">\n\t\t\t\t\t\t<span class=\"elementor-button-content-wrapper\">\n\t\t\t\t\t\t\t\t\t<span class=\"elementor-button-text\">Zur Anmeldung \/ Infos<\/span>\n\t\t\t\t\t<\/span>\n\t\t\t\t\t<\/a>\n\t\t\t\t<\/div>\n\t\t\t\t\t\t\t\t<\/div>\n\t\t\t\t<\/div>\n\t\t\t\t<div class=\"elementor-element elementor-element-ebcea05 elementor-widget elementor-widget-spacer\" data-id=\"ebcea05\" data-element_type=\"widget\" data-e-type=\"widget\" data-widget_type=\"spacer.default\">\n\t\t\t\t<div class=\"elementor-widget-container\">\n\t\t\t\t\t\t\t<div class=\"elementor-spacer\">\n\t\t\t<div class=\"elementor-spacer-inner\"><\/div>\n\t\t<\/div>\n\t\t\t\t\t\t<\/div>\n\t\t\t\t<\/div>\n\t\t\t\t\t<\/div>\n\t\t<\/div>\n\t\t\t\t\t<\/div>\n\t\t<\/section>\n\t\t\t\t<section class=\"elementor-section elementor-top-section elementor-element elementor-element-f8ae8c2 elementor-section-boxed elementor-section-height-default elementor-section-height-default\" data-id=\"f8ae8c2\" data-element_type=\"section\" data-e-type=\"section\">\n\t\t\t\t\t\t<div class=\"elementor-container elementor-column-gap-default\">\n\t\t\t\t\t<div class=\"elementor-column elementor-col-100 elementor-top-column elementor-element elementor-element-c794ff3\" data-id=\"c794ff3\" data-element_type=\"column\" data-e-type=\"column\">\n\t\t\t<div class=\"elementor-widget-wrap elementor-element-populated\">\n\t\t\t\t\t\t<div class=\"elementor-element elementor-element-4ddbcff elementor-widget elementor-widget-image\" data-id=\"4ddbcff\" data-element_type=\"widget\" data-e-type=\"widget\" data-widget_type=\"image.default\">\n\t\t\t\t<div class=\"elementor-widget-container\">\n\t\t\t\t\t\t\t\t\t\t\t\t<figure class=\"wp-caption\">\n\t\t\t\t\t\t\t\t\t\t<img decoding=\"async\" src=\"http:\/\/www.teamtraining-gaggenau.de\/wp-content\/uploads\/elementor\/thumbs\/rueckenwind-qefg3e3etj1xv567g5e0ya87pi6fxrzqk4ket2ao6q.jpeg\" title=\"ru\u0308ckenwind\" alt=\"ru\u0308ckenwind\" loading=\"lazy\" \/>\t\t\t\t\t\t\t\t\t\t\t<figcaption class=\"widget-image-caption wp-caption-text\">Kooperationspartner f\u00fcr \"Lernen mit R\u00fcckenwind\"<\/figcaption>\n\t\t\t\t\t\t\t\t\t\t<\/figure>\n\t\t\t\t\t\t\t\t\t<\/div>\n\t\t\t\t<\/div>\n\t\t\t\t\t<\/div>\n\t\t<\/div>\n\t\t\t\t\t<\/div>\n\t\t<\/section>\n\t\t\t\t<section class=\"elementor-section elementor-top-section elementor-element elementor-element-e61993c elementor-section-boxed elementor-section-height-default elementor-section-height-default\" data-id=\"e61993c\" data-element_type=\"section\" data-e-type=\"section\">\n\t\t\t\t\t\t<div class=\"elementor-container elementor-column-gap-default\">\n\t\t\t\t\t<div class=\"elementor-column elementor-col-33 elementor-top-column elementor-element elementor-element-29a79ff\" data-id=\"29a79ff\" data-element_type=\"column\" data-e-type=\"column\">\n\t\t\t<div class=\"elementor-widget-wrap elementor-element-populated\">\n\t\t\t\t\t\t<div class=\"elementor-element elementor-element-b17d7f9 elementor-position-top elementor-widget elementor-widget-image-box\" data-id=\"b17d7f9\" data-element_type=\"widget\" data-e-type=\"widget\" data-widget_type=\"image-box.default\">\n\t\t\t\t<div class=\"elementor-widget-container\">\n\t\t\t\t\t<div class=\"elementor-image-box-wrapper\"><figure class=\"elementor-image-box-img\"><a href=\"http:\/\/www.teamtraining-gaggenau.de\/?page_id=1306\" tabindex=\"-1\"><img decoding=\"async\" src=\"http:\/\/www.teamtraining-gaggenau.de\/wp-content\/uploads\/2022\/05\/Parcour.jpeg\" title=\"Parcour\" alt=\"Parcour\" class=\"elementor-animation-shrink\" loading=\"lazy\" \/><\/a><\/figure><div class=\"elementor-image-box-content\"><h4 class=\"elementor-image-box-title\"><a href=\"http:\/\/www.teamtraining-gaggenau.de\/?page_id=1306\">Niedrigseilparcours<\/a><\/h4><p class=\"elementor-image-box-description\">Handlungsorientiertes Lern- und <br>Spielfeld ab der 5. Klasse<br><br><a href=\"http:\/\/www.teamtraining-gaggenau.de\/?page_id=1306\/\"><font color=\"#2BBBD7\"><b>Mehr...<\/b><\/font><\/a><br><br><\/p><\/div><\/div>\t\t\t\t<\/div>\n\t\t\t\t<\/div>\n\t\t\t\t\t<\/div>\n\t\t<\/div>\n\t\t\t\t<div class=\"elementor-column elementor-col-33 elementor-top-column elementor-element elementor-element-40c8791\" data-id=\"40c8791\" data-element_type=\"column\" data-e-type=\"column\">\n\t\t\t<div class=\"elementor-widget-wrap elementor-element-populated\">\n\t\t\t\t\t\t<div class=\"elementor-element elementor-element-160eae5 elementor-position-top elementor-widget elementor-widget-image-box\" data-id=\"160eae5\" data-element_type=\"widget\" data-e-type=\"widget\" data-widget_type=\"image-box.default\">\n\t\t\t\t<div class=\"elementor-widget-container\">\n\t\t\t\t\t<div class=\"elementor-image-box-wrapper\"><figure class=\"elementor-image-box-img\"><a href=\"http:\/\/www.teamtraining-gaggenau.de\/?page_id=2636\" tabindex=\"-1\"><img decoding=\"async\" width=\"544\" height=\"450\" src=\"http:\/\/www.teamtraining-gaggenau.de\/wp-content\/uploads\/2022\/08\/Trainerbild.jpg\" class=\"elementor-animation-shrink attachment-full size-full wp-image-2735\" alt=\"\" srcset=\"http:\/\/www.teamtraining-gaggenau.de\/wp-content\/uploads\/2022\/08\/Trainerbild.jpg 544w, http:\/\/www.teamtraining-gaggenau.de\/wp-content\/uploads\/2022\/08\/Trainerbild-300x248.jpg 300w\" sizes=\"(max-width: 544px) 100vw, 544px\" \/><\/a><\/figure><div class=\"elementor-image-box-content\"><h4 class=\"elementor-image-box-title\"><a href=\"http:\/\/www.teamtraining-gaggenau.de\/?page_id=2636\">Unser Trainerteam<\/a><\/h4><p class=\"elementor-image-box-description\">Trainer mit p\u00e4dagogischer oder sozialp\u00e4dagogischer Ausbildungen<br><br><a href=\"http:\/\/www.teamtraining-gaggenau.de\/?page_id=2636\"><font color=\"#2BBBD7\"><b>Unsere Trainer...<\/b><\/font><\/a><br><br><\/p><\/div><\/div>\t\t\t\t<\/div>\n\t\t\t\t<\/div>\n\t\t\t\t\t<\/div>\n\t\t<\/div>\n\t\t\t\t<div class=\"elementor-column elementor-col-33 elementor-top-column elementor-element elementor-element-d9a5e56\" data-id=\"d9a5e56\" data-element_type=\"column\" data-e-type=\"column\">\n\t\t\t<div class=\"elementor-widget-wrap elementor-element-populated\">\n\t\t\t\t\t\t<div class=\"elementor-element elementor-element-1ce8390 elementor-position-top elementor-widget elementor-widget-image-box\" data-id=\"1ce8390\" data-element_type=\"widget\" data-e-type=\"widget\" data-widget_type=\"image-box.default\">\n\t\t\t\t<div class=\"elementor-widget-container\">\n\t\t\t\t\t<div class=\"elementor-image-box-wrapper\"><figure class=\"elementor-image-box-img\"><a href=\"http:\/\/www.teamtraining-gaggenau.de\/?page_id=1308\" tabindex=\"-1\"><img decoding=\"async\" width=\"540\" height=\"449\" src=\"http:\/\/www.teamtraining-gaggenau.de\/wp-content\/uploads\/2022\/05\/Grundschul.jpeg\" class=\"elementor-animation-shrink attachment-full size-full wp-image-2579\" alt=\"\" srcset=\"http:\/\/www.teamtraining-gaggenau.de\/wp-content\/uploads\/2022\/05\/Grundschul.jpeg 540w, http:\/\/www.teamtraining-gaggenau.de\/wp-content\/uploads\/2022\/05\/Grundschul-300x249.jpeg 300w\" sizes=\"(max-width: 540px) 100vw, 540px\" \/><\/a><\/figure><div class=\"elementor-image-box-content\"><h4 class=\"elementor-image-box-title\"><a href=\"http:\/\/www.teamtraining-gaggenau.de\/?page_id=1308\">Grundschulangebote<\/a><\/h4><p class=\"elementor-image-box-description\">Die \"Schatzsuche\" oder <br>\"Gemeinsam durch den Sternenhimmel\"<br><br><a href=\"http:\/\/www.teamtraining-gaggenau.de\/?page_id=1308\"><font color=\"#2BBBD7\"><b>Mehr...<\/b><\/font><\/a><br><br><\/p><\/div><\/div>\t\t\t\t<\/div>\n\t\t\t\t<\/div>\n\t\t\t\t\t<\/div>\n\t\t<\/div>\n\t\t\t\t\t<\/div>\n\t\t<\/section>\n\t\t\t\t<section class=\"elementor-section elementor-top-section elementor-element elementor-element-f78590e elementor-section-boxed elementor-section-height-default elementor-section-height-default\" data-id=\"f78590e\" data-element_type=\"section\" data-e-type=\"section\">\n\t\t\t\t\t\t<div class=\"elementor-container elementor-column-gap-default\">\n\t\t\t\t\t<div class=\"elementor-column elementor-col-100 elementor-top-column elementor-element elementor-element-d4324d6\" data-id=\"d4324d6\" data-element_type=\"column\" data-e-type=\"column\">\n\t\t\t<div class=\"elementor-widget-wrap elementor-element-populated\">\n\t\t\t\t\t\t<div class=\"elementor-element elementor-element-90e3176 elementor-widget elementor-widget-spacer\" data-id=\"90e3176\" data-element_type=\"widget\" data-e-type=\"widget\" data-widget_type=\"spacer.default\">\n\t\t\t\t<div class=\"elementor-widget-container\">\n\t\t\t\t\t\t\t<div class=\"elementor-spacer\">\n\t\t\t<div class=\"elementor-spacer-inner\"><\/div>\n\t\t<\/div>\n\t\t\t\t\t\t<\/div>\n\t\t\t\t<\/div>\n\t\t\t\t\t<\/div>\n\t\t<\/div>\n\t\t\t\t\t<\/div>\n\t\t<\/section>\n\t\t\t\t<\/div>\n\t\t","protected":false},"excerpt":{"rendered":"<p>Team-Training Gaggenau Herzlich Willkommen auf den Teamtraining-Seiten des Pr\u00e4ventionsvereins\u00abLebenswertes Murgtal e.V.\u00bb Unser Verein bietet seit mehreren Jahren erfolgreich f\u00fcr alle Altersgruppen entsprechende Teamtrainingsangebote an. Hierzu steht unter anderem ein vereinseigenes Gel\u00e4nde mit einem Niedrigseilparcours zur Verf\u00fcgung. F\u00fcr die Grundsch\u00fcler haben wir zwei mobile Angebote, mit denen unsere Trainer auch gerne in Ihre Schule kommen. F\u00f6rdern [&hellip;]<\/p>\n","protected":false},"author":1,"featured_media":0,"parent":0,"menu_order":0,"comment_status":"closed","ping_status":"closed","template":"","meta":{"site-sidebar-layout":"no-sidebar","site-content-layout":"page-builder","ast-site-content-layout":"full-width-container","site-content-style":"unboxed","site-sidebar-style":"unboxed","ast-global-header-display":"","ast-banner-title-visibility":"","ast-main-header-display":"","ast-hfb-above-header-display":"","ast-hfb-below-header-display":"","ast-hfb-mobile-header-display":"","site-post-title":"disabled","ast-breadcrumbs-content":"","ast-featured-img":"disabled","footer-sml-layout":"","ast-disable-related-posts":"","theme-transparent-header-meta":"enabled","adv-header-id-meta":"","stick-header-meta":"","header-above-stick-meta":"","header-main-stick-meta":"","header-below-stick-meta":"","astra-migrate-meta-layouts":"set","ast-page-background-enabled":"default","ast-page-background-meta":{"desktop":{"background-color":"","background-image":"","background-repeat":"repeat","background-position":"center center","background-size":"auto","background-attachment":"scroll","background-type":"","background-media":"","overlay-type":"","overlay-color":"","overlay-opacity":"","overlay-gradient":""},"tablet":{"background-color":"","background-image":"","background-repeat":"repeat","background-position":"center center","background-size":"auto","background-attachment":"scroll","background-type":"","background-media":"","overlay-type":"","overlay-color":"","overlay-opacity":"","overlay-gradient":""},"mobile":{"background-color":"","background-image":"","background-repeat":"repeat","background-position":"center center","background-size":"auto","background-attachment":"scroll","background-type":"","background-media":"","overlay-type":"","overlay-color":"","overlay-opacity":"","overlay-gradient":""}},"ast-content-background-meta":{"desktop":{"background-color":"var(--ast-global-color-5)","background-image":"","background-repeat":"repeat","background-position":"center center","background-size":"auto","background-attachment":"scroll","background-type":"","background-media":"","overlay-type":"","overlay-color":"","overlay-opacity":"","overlay-gradient":""},"tablet":{"background-color":"var(--ast-global-color-5)","background-image":"","background-repeat":"repeat","background-position":"center center","background-size":"auto","background-attachment":"scroll","background-type":"","background-media":"","overlay-type":"","overlay-color":"","overlay-opacity":"","overlay-gradient":""},"mobile":{"background-color":"var(--ast-global-color-5)","background-image":"","background-repeat":"repeat","background-position":"center center","background-size":"auto","background-attachment":"scroll","background-type":"","background-media":"","overlay-type":"","overlay-color":"","overlay-opacity":"","overlay-gradient":""}},"footnotes":""},"class_list":["post-1305","page","type-page","status-publish","hentry"],"_links":{"self":[{"href":"http:\/\/www.teamtraining-gaggenau.de\/index.php?rest_route=\/wp\/v2\/pages\/1305","targetHints":{"allow":["GET"]}}],"collection":[{"href":"http:\/\/www.teamtraining-gaggenau.de\/index.php?rest_route=\/wp\/v2\/pages"}],"about":[{"href":"http:\/\/www.teamtraining-gaggenau.de\/index.php?rest_route=\/wp\/v2\/types\/page"}],"author":[{"embeddable":true,"href":"http:\/\/www.teamtraining-gaggenau.de\/index.php?rest_route=\/wp\/v2\/users\/1"}],"replies":[{"embeddable":true,"href":"http:\/\/www.teamtraining-gaggenau.de\/index.php?rest_route=%2Fwp%2Fv2%2Fcomments&post=1305"}],"version-history":[{"count":449,"href":"http:\/\/www.teamtraining-gaggenau.de\/index.php?rest_route=\/wp\/v2\/pages\/1305\/revisions"}],"predecessor-version":[{"id":2903,"href":"http:\/\/www.teamtraining-gaggenau.de\/index.php?rest_route=\/wp\/v2\/pages\/1305\/revisions\/2903"}],"wp:attachment":[{"href":"http:\/\/www.teamtraining-gaggenau.de\/index.php?rest_route=%2Fwp%2Fv2%2Fmedia&parent=1305"}],"curies":[{"name":"wp","href":"https:\/\/api.w.org\/{rel}","templated":true}]}}